on divisor of g and 29?
29
Let o be 2/(-7) - (-663)/91. What is the greatest common divisor of 7 and o?
7
Let y(c) = -c**2 - 3*c + 12. Let p be y(-5). Suppose 72 = 6*j - p*j. Calculate the highest common factor of 6 and j.
6
Suppose 2*h + 25 = 7*h. Let w be h/((-10)/(-4)) - 0. Let o be (1 + 7/(-3))*-3. Calculate the highest common factor of o and w.
2
Let x be 6 + -5 + 35 + 0. Calculate the greatest common divisor of x and 48.
12
Let v(i) = 2*i + 17*i**2 - 2*i**3 + i**3 - 10*i**2. Let n be v(6). What is the highest common divisor of 6 and n?
6
Let f(v) = v**2 + 16*v + 37. Let i be f(-15). What is the highest common divisor of 110 and i?
22
Let u be -12 + 0 + (1 - 3). Let l be 12/42 - 1690/u. Let j be (-22)/(-3)*3/2. Calculate the highest common factor of l and j.
11
Suppose 4*x + 3*c - 5*c = 532, -5*x + c = -662. Calculate the highest common factor of x and 44.
44
Let r(h) = 4*h**2 + 2*h + 1. Let q be r(2). Let v = 53 - q. Calculate the greatest common divisor of v and 4.
4
Let o = 241 - 131. Calculate the greatest common factor of 22 and o.
22
Suppose 0*m - m + 10 = 0. Suppose m = 3*s - 17. Calculate the highest common factor of s and 72.
9
Let u(j) = -j + 8. Let b be u(-8). Calculate the greatest common divisor of b and 8.
8
Let k be 0 + 0/(2/1). Let b = 3 - k. Suppose b*y - 19 - 161 = 0. What is the greatest common factor of 12 and y?
12
Let s = 9 - 6. What is the highest common divisor of 21 and s?
3
Let k be (2 - 6)*(-135)/36. Calculate the highest common divisor of k and 195.
15
Suppose 3*t + 2*u + 54 = 0, -3*u - 2*u + 55 = -2*t. Let i = t + 48. Let r be (-6)/5*(-30)/9. What is the greatest common factor of r and i?
4
Suppose -7 + 31 = -4*j. Let n = j - -7. What is the greatest common divisor of n and 7?
1
Let g be 1 - ((-116)/4)/(-1). Let x = g + 40. Calculate the greatest common divisor of x and 132.
12
Suppose -3*j + 2*j = -5. Let m = 11 - j. Calculate the greatest common divisor of 42 and m.
6
Let w(n) = -n**2 - 15*n + 2. Let d be w(-12). Calculate the highest common divisor of 19 and d.
19
Suppose -5*q = d - 24, -4*d = -5*q - 32 - 14. Suppose -z + 70 = d. Calculate the greatest common factor of 14 and z.
14
Let c = 16 - 9. Suppose -3*z - k = -c, -5*z + 4*k = k - 35. Let d be 718/6 - z/(-12). Calculate the greatest common divisor of d and 15.
15
Let u = -2 + 8. Let w = -4 + u. What is the greatest common divisor of w and 2?
2
Let g = -276 - -404. What is the highest common divisor of g and 16?
16
Suppose 4*j = j + 48. Suppose -102 = -6*y + 138. Calculate the greatest common divisor of y and j.
8
Let a = 34 - 26. What is the greatest common factor of 8 and a?
8
Let j(v) = v**2 + 5*v - 5. Suppose 18 = -5*s - 12. Let x be j(s). Let y be (x*12)/(1/2). What is the greatest common divisor of 3 and y?
3
Let d be ((-12)/15)/((-2)/5). Suppose d*h - 23 = -7. What is the highest common factor of 32 and h?
8
Let m be (6/(-3) + 3)*0. Suppose -4*b + 24 = -4*l, b - 10 = 3*l - m. Let u be (6/4)/((-1)/l). Calculate the greatest common divisor of 3 and u.
3
Let r = 107 - 75. Let u = r - 8. Suppose 0 = 5*f - 43 - 17. Calculate the highest common factor of u and f.
12
Let f(n) = 3*n**2 - 2*n - 1. Let i be f(-1). Suppose 2*y - i = -0*y. Let g(b) = 24*b - 3. Let k be g(y). Calculate the highest common factor of k and 15.
15
Let a = -68 + 131. Suppose 0 = 4*b - 13 - a. Calculate the highest common divisor of 209 and b.
19
Suppose -4*j + 6 = -0*j - 3*t, 0 = -5*j + t + 2. Suppose 2*f - 4*f = 0, -n + 4*f + 27 = j. Calculate the highest common divisor of 3 and n.
3
Suppose 3*q - 18 = 2*m - 0, -q + 6 = 4*m. Let v(p) = -p**2 + 9*p - 8. Let k be v(q). What is the greatest common divisor of k and 90?
10
Let y = -15 + 30. Calculate the greatest common divisor of y and 15.
15
Suppose -2*o + 5*o = 4*c + 164, -15 = 3*c. What is the highest common factor of o and 12?
12
Let d(z) = -z + 1. Let p be d(-3). Let w be 8/(-3)*12/(-8). Calculate the greatest common divisor of w and p.
4
Let s = 0 - -3. Let l be 14 + 2 - (-2 + s). Calculate the greatest common factor of l and 6.
3
Let r be 276/15 - (-6)/10. Suppose -14*s = -13*s - 152. Calculate the highest common divisor of r and s.
19
Let b(d) = -d + 1. Let x be b(-4). Suppose 3*v = 2*v, 0 = 4*m - x*v - 32. What is the highest common factor of 8 and m?
8
Let o = -58 + 65. Calculate the highest common factor of 91 and o.
7
Let r(i) = i**2 + i - 3. Let z(x) = -6*x**3 + x**2 - 2*x + 1. Let j be z(1). Let f be r(j). Calculate the greatest common factor of 18 and f.
9
Let t be (42/8)/(18/72). Let n = 28 + -7. What is the highest common factor of t and n?
21
Suppose 2*j + 516 = 6*j. Let r = -69 + j. Let m = -15 - -27. What is the greatest common divisor of m and r?
12
Let i = -2 - -7. Suppose 0 = i*a + 4*k - 13, -5*a - 2 = -2*k - 3. Calculate the greatest common factor of a and 8.
1
Let m be 14/2 - (0 + 4). Let s(b) = b**3 + b**2 + 2*b - 6. Let o be s(m). Calculate the highest common factor of 9 and o.
9
Suppose 4*w + 12 = 192. Calculate the highest common divisor of w and 9.
9
Let j be 80/2 + (5 - 3). Calculate the highest common factor of j and 14.
14
Suppose 2*i + 8*i - 810 = 0. What is the greatest common divisor of 27 and i?
27
Let f be 435/20 + (-6)/8. Calculate the highest common divisor of f and 7.
7
Let p = -172 + 221. Calculate the greatest common divisor of 441 and p.
49
Let j(q) be the second derivative of q**4/12 - 3*q**3/2 + 11*q**2/2 - 3*q. Let r be j(8). Calculate the highest common divisor of 6 and r.
3
Let c = -4 + 7. Suppose 3*m - 9 - c = 0. What is the greatest common divisor of 4 and m?
4
Suppose -4*u + 0*u - 28 = 0. Let q(l) = l**3 + 6*l**2 - 10*l - 5. Let v be q(u). Let w be (-78)/(-5) + 10/25. Calculate the greatest common divisor of v and w.
16
Suppose -9*u + 66 = -114. Calculate the greatest common divisor of 8 and u.
4
Suppose -18 = -5*j + 2. Let g be ((-4)/(-2)*j)/2. What is the greatest common divisor of g and 1?
1
Let z(h) = 2*h**2 + 4*h + 2. Let o be z(-2). Suppose -3*d = 15, o*x + 0*d + 5*d = -11. Calculate the highest common divisor of 7 and x.
7
Let s = -41 + 74. What is the highest common divisor of s and 297?
33
Let t be (2/(-2))/(3/(-6)). Suppose -2*p = -3*p + t. Let i be p/2 - (0 + -11). Calculate the greatest common divisor of 108 and i.
12
Let k(g) = g**3 + g**2 - g + 1. Let n be k(1). Let w = 3 - 1. Suppose -w*c + 32 = n*c. Calculate the highest common factor of 8 and c.
8
Suppose 12 = -2*d + 6*d. Let j be (244/305)/(2/30). What is the greatest common divisor of j and d?
3
Suppose 0 = -2*z - 0*z + 162. Suppose -4*f = 3*f - 63. Calculate the highest common divisor of f and z.
9
Let h be ((-1)/((-1)/64))/1. Suppose -8*w = -4*w - 32. What is the greatest common divisor of h and w?
8
Let d be 1524/15 - 6/(-15). Let z = d - -68. Let b = -98 + z. Calculate the highest common divisor of 9 and b.
9
Let r(g) = -g**3 - 3*g**2 - 3*g. Let i be r(-2). Let k = i - 3. Let z = k - -16. What is the highest common factor of z and 60?
15
Let j(r) = 2*r**2 + r - 4. Let m be j(-3). What is the highest common factor of 77 and m?
11
Suppose 0*r - 60 = -2*r. Suppose 4*s - n - 354 = 4*n, 0 = -s - n + 93. Let l = -46 + s. Calculate the greatest common factor of l and r.
15
Let n = -61 - -75. What is the highest common factor of n and 70?
14
Suppose q + q - 4 = 0. What is the highest common divisor of 5 and q?
1
Suppose 0 = -2*j + 34 + 8. Suppose 0 = -5*w + j + 64. Calculate the greatest common divisor of 136 and w.
17
Let c be 3/(-3)*(-5 + 2). Let o be ((-8)/(-12))/(1/c). Let s be 1*o/(-2)*-11. Calculate the highest common divisor of s and 77.
11
Suppose 10*y - 11*y = -121. What is the highest common factor of 11 and y?
11
Let n be 1 + (-3 + 2)*1. Suppose -7*c + 5*c + 66 = n. Calculate the greatest common divisor of 3 and c.
3
Let h = 129 - 105. Calculate the highest common factor of 8 and h.
8
Let k = 1 - -1. Suppose k*f + 2*h = -3*h + 32, -4*f + 44 = 5*h. Suppose 4*z - f = 14. Calculate the greatest common divisor of 40 and z.
5
Suppose -5*a = -8 - 2. Suppose -a*k + 26 = -8. Suppose t + 54 = 173. What is the highest common factor of t and k?
17
Suppose -2*a - 15 = -91. Calculate the highest common factor of 38 and a.
38
Suppose -4*t = -3*t + 3*r - 9, -60 = -3*t + 2*r. Suppose t = 2*x - 14. Calculate the highe